osite number?
True
Is 1817478241 a composite number?
True
Is 65828454959 prime?
True
Is 3390243361 prime?
True
Is 54105459817 prime?
False
Is 33873509 a composite number?
False
Is 271252004381 composite?
False
Is 11477696023 a composite number?
False
Is 6806536969 prime?
False
Is 42535736051 prime?
False
Is 18355648397 a prime number?
False
Is 1235561471 prime?
True
Is 1855014137 prime?
False
Is 513872989 composite?
True
Is 160083699767 composite?
True
Is 35154569 a prime number?
False
Is 941288347 composite?
True
Is 108859261999 composite?
False
Is 178002619 prime?
True
Is 25368855823 a prime number?
False
Is 25136211091 a prime number?
True
Is 2109435661 prime?
False
Is 13717343399 a composite number?
False
Is 520875313 composite?
True
Is 6679391611 a prime number?
True
Is 92779801 a prime number?
False
Is 8478927577 prime?
False
Is 1081335523 a prime number?
True
Is 75623774927 composite?
False
Is 9827465951 a prime number?
False
Is 28970515661 composite?
False
Is 721452869 composite?
False
Is 979685321 a prime number?
False
Is 84497078123 prime?
False
Is 41845915169 composite?
False
Is 6400321745 prime?
False
Is 786502477 a composite number?
True
Is 43041541 composite?
True
Is 705619219 a composite number?
False
Is 555914663 a prime number?
False
Is 229039081 composite?
True
Is 51533632207 composite?
False
Is 352169273 prime?
True
Is 1423800517 prime?
False
Is 12704131373 prime?
False
Is 22264868231 composite?
False
Is 229166851 prime?
False
Is 155995127 a prime number?
False
Is 184648877 a composite number?
True
Is 3169573171 a prime number?
True
Is 539845451 a prime number?
True
Is 9009496651 a composite number?
False
Is 260503517 a composite number?
True
Is 1942035649 prime?
False
Is 602218637 a composite number?
True
Is 3091441889 prime?
False
Is 1404033439 a prime number?
False
Is 78153703 a prime number?
True
Is 4751700587 composite?
False
Is 68811073 prime?
True
Is 29351311679 composite?
True
Is 31903560203 a prime number?
False
Is 5017950961 a composite number?
True
Is 53675674331 a prime number?
True
Is 393671827 a prime number?
True
Is 44766828601 a composite number?
True
Is 1786868591 a prime number?
True
Is 3070311733 a prime number?
False
Is 8196364213 composite?
False
Is 3073806761 prime?
True
Is 29408300587 a prime number?
True
Is 727535507 a composite number?
True
Is 1280080559 prime?
False
Is 3112330121 composite?
True
Is 8831172193 composite?
True
Is 8867896513 composite?
True
Is 1556459137 composite?
False
Is 3094118743 composite?
False
Is 5210880617 a composite number?
True
Is 89718137 prime?
False
Is 315517451 prime?
True
Is 143838235979 composite?
False
Is 1301860381 composite?
False
Is 11480328683 a composite number?
False
Is 198669319 composite?
True
Is 2950247374 a composite number?
True
Is 113793237149 composite?
True
Is 145083769 a prime number?
True
Is 3528005399 a composite number?
True
Is 6166647023 a composite number?
False
Is 202058809 prime?
True
Is 56405748247 a prime number?
False
Is 442772417 prime?
True
Is 3818207189 a prime number?
False
Is 3717478669 prime?
False
Is 11248094597 prime?
False
Is 8852861567 a composite number?
True
Is 366403183 composite?
True
Is 17553897499 a composite number?
False
Is 97078050803 prime?
False
Is 12963013831 a prime number?
False
Is 12541355681 composite?
True
Is 1356332173 a composite number?
True
Is 157264609 a composite number?
False
Is 46711066807 composite?
False
Is 370731329 prime?
True
Is 582572879 prime?
False
Is 6999937531 a prime number?
False
Is 406509583 a prime number?
True
Is 2314294853 a prime number?
False
Is 17223467647 a prime number?
False
Is 21517801993 prime?
True
Is 466376143 prime?
True
Is 42038406719 a composite number?
True
Is 2942546807 a prime number?
True
Is 134320853 composite?
True
Is 30863604971 a composite number?
False
Is 1277274833 prime?
True
Is 36940830889 prime?
True
Is 257382355 a prime number?
False
Is 23574751 prime?
True
Is 1548948059 composite?
False
Is 19523438339 composite?
True
Is 6277159547 a composite number?
False
Is 29874313 a composite number?
True
Is 25930297993 a composite number?
False
Is 8160731569 a composite number?
True
Is 2769027826 a composite number?
True
Is 132351888419 a prime number?
True
Is 2566856917 a prime number?
True
Is 14886598979 composite?
True
Is 107713809989 a prime number?
True
Is 64574273 composite?
False
Is 19789030211 composite?
False
Is 50714829383 prime?
True
Is 27267843683 a prime number?
False
Is 5146989899 composite?
True
Is 3815653291 a prime number?
True
Is 292691468737 a prime number?
True
Is 1011037949 prime?
True
Is 622283671 a prime number?
True
Is 115125123401 composite?
False
Is 40269013987 composite?
False
Is 867766363 prime?
True
Is 2384929999 prime?
True
Is 39786362377 a prime number?
False
Is 34524196331 a composite number?
False
Is 626157833 composite?
True
Is 580923691 composite?
False
Is 5875263123 prime?
False
Is 808073753 prime?
True
Is 10956808979 composite?
True
Is 487434811 a composite number?
True
Is 6891548023 prime?
False
Is 4804986829 a composite number?
True
Is 992495087 composite?
True
Is 540862001 prime?
True
Is 6207705769 prime?
True
Is 25267044337 a prime number?
False
Is 536640121 a prime number?
False
Is 3456383377 prime?
False
Is 30686849 prime?
False
Is 6753210617 composite?
False
Is 1140869329 a composite number?
False
Is 42517367 a prime number?
True
Is 832951391 a prime number?
True
Is 769131953 a composite number?
False
Is 1416364069 a composite number?
True
Is 841014401 prime?
True
Is 205461181 a composite number?
True
Is 3451004983 prime?
True
Is 5837974049 composite?
False
Is 16362972851 prime?
True
Is 1486189273 composite?
False
Is 9542549407 a prime number?
True
Is 187380514 composite?
True
Is 31111534877 composite?
False
Is 779948758 a composite number?
True
Is 151865017 a prime number?
False
Is 5430757273 a composite number?
False
Is 1144519837 composite?
False
Is 156511559 a prime number?
True
Is 51459029 composite?
True
Is 168137131 prime?
True
Is 1055439907 a prime number?
True
Is 387484501 prime?
True
Is 4167325853 a composite number?
True
Is 5500507217 a composite number?
False
Is 56791371257 composite?
False
Is 12130567511 a composite number?
False
Is 11809425593 a composite number?
True
Is 1715280109 composite?
False
Is 25647741269 prime?
True
Is 133841092898 a composite number?
True
Is 758034037 a composite number?
True
Is 150113807 a composite number?
True
Is 148003631 a prime number?
False
Is 71821910309 a composite number?
True
Is 31069083343 a prime number?
True
Is 4849147 prime?
True
Is 100593172061 a composite number?
True
Is 547372855 prime?
False
Is 2247727421 composite?
False
Is 322889117 a prime number?
True
Is 24850673141 composite?
True
Is 422897239 a prime number?
False
Is 76298084459 a prime number?
True
Is 9128856379 prime?
False
Is 2611025891 a prime number?
False
Is 29602059329 a composite number?
False
Is 111452680411 a composite number?
True
Is 1015615897 a prime number?
True
Is 60485759 prime?
False
Is 272381537 a prime number?
False
Is 7170792107 prime?
True
Is 155570333 a composite number?
True
Is 20427527751 a prime number?
False
Is 725510933 a composite number?
True
Is 2511516041 composite?
False
Is 1360300087 a composite number?
False
Is 5051738213 prime?
True
Is 6338864351 composite?
False
Is 3211071031 a composite number?
True
Is 12605467321 a prime number?
False
Is 625264807 composite?
True
Is 442388249 a composite number?
True
Is 148351466459 prime?
False
Is 61521658039 a composite number?
True
Is 443729569 prime?
True
Is 148559207983 prime?
True
Is 123791046481 composite?
True
Is 4264296817 a composite number?
True
Is 81327549793 a prime number?
False
Is 3954532471 composite?
True
Is 27103095197 a composite number?
False
Is 98995651 a composite number?
True
Is 322161941 prime?
False
Is 8803177547 composite?
False
Is 2283314471 prime?
True
Is 23496449407 prime?
False
Is 398821957 a composite number?
False
Is 18559798553 a prime number?
False
Is 4285917833 a prime number?
True
Is 113006303 a prime number?
True
Is 54352849714 prime?
False
Is 429890803 a composite number?
True
Is 69524729 a composite number?
False
Is 348798773 a composite number?
True
Is 14994721919 composite?
False
Is 7565824429 composite?